vert -a062d3 (base 15) to base 12.
-2672760
371672 (base 8) to base 16
1f3ba
What is -b45ad9 (base 16) in base 5?
-11011212422
Convert 7765256 (base 9) to base 5.
2032123104
What is -212210101100 (base 3) in base 11?
-29a925
-1202220000200 (base 3) to base 10
-942615
Convert -da5dd1 (base 14) to base 5.
-3343023243
413112411 (base 5) to base 13
472c67
-561690 (base 11) to base 14
-19438d
Convert -2450320 (base 7) to base 16.
-4cd44
What is -4055134 (base 6) in base 12?
-944aa
-bd908 (base 15) to base 13
-18149c
Convert 4be79 (base 16) to base 5.
34422110
111330101101 (base 4) to base 13
12650b0
What is -9b217b (base 12) in base 11?
-1438788
-110143213 (base 5) to base 6
-14102104
What is -56963 (base 13) in base 16?
-26795
Convert -1131220034 (base 5) to base 3.
-11220011021022
Convert -11011102120 (base 3) to base 6.
-1431240
-2215116 (base 7) to base 9
-455543
Convert -2753620 (base 10) to base 12.
-b09644
What is -b10ba (base 14) in base 12?
-186290
-223560 (base 11) to base 14
-93a80
What is 2342444103 (base 5) in base 14?
a177bd
-dd2dd5 (base 15) to base 5
-10144234000
What is -220342211 (base 5) in base 16?
-e7db1
What is -1c734b (base 14) in base 3?
-1220202100212
What is 1415237 (base 8) in base 13?
110108
What is 311057 (base 12) in base 6?
24252151
433411 (base 5) to base 15
4606
What is 445e8 (base 16) in base 14?
740ac
-249b9a (base 15) to base 2
-110101100010010000101
What is -1110000011110000101 (base 2) in base 8?
-1603605
Convert 1110111011010100101 (base 2) to base 4.
1313122211
Convert -1652435 (base 8) to base 12.
-1b2111
-c7a1 (base 14) to base 10
-34441
What is 13f97 (base 16) in base 7?
460346
What is 22203313 (base 4) in base 10?
43255
What is 2c62 (base 14) in base 16?
1ef6
Convert 577a7 (base 11) to base 16.
1461e
What is 390b (base 12) in base 3?
22220102
Convert 10011010101010011001000 (base 2) to base 13.
1085a04
What is -21874 (base 12) in base 16?
-ad98
-110100100000101000100001 (base 2) to base 16
-d20a21
What is 1c8ba (base 16) in base 15?
2499c
Convert -2e45a (base 15) to base 14.
-3c697
-3312331120 (base 4) to base 6
-33403024
-1d4d7 (base 15) to base 12
-473aa
What is -30313120002 (base 4) in base 14?
-63b0c2
Convert -732125 (base 8) to base 5.
-30232043
64666505 (base 7) to base 6
314303042
201110222200 (base 3) to base 11
2420a7
Convert 903fb (base 16) to base 4.
2100033323
Convert -1001001111001001000 (base 2) to base 16.
-49e48
-2005506 (base 8) to base 13
-155c4b
Convert -f5aee (base 16) to base 14.
-1c2a3c
What is 60655 (base 12) in base 8?
364641
Convert -b2f3e (base 16) to base 3.
-1101020110210
Convert -100010021122 (base 3) to base 6.
-3503112
What is -294a1 (base 15) in base 16?
-20644
Convert 1011100110000000001 (base 2) to base 10.
379905
Convert -35058 (base 15) to base 9.
-276532
-3565555 (base 7) to base 5
-104002023
What is 10424313 (base 5) in base 12?
4560a
6a3693 (base 13) to base 9
4662254
What is 780508 (base 14) in base 7?
46422611
Convert -264c1 (base 13) to base 10.
-71137
30047b (base 12) to base 11
4703a3
Convert 110222401 (base 5) to base 6.
14114253
1401292 (base 11) to base 5
1104324224
-116a52 (base 11) to base 15
-39bea
What is 40a49 (base 12) in base 2?
10100100111011001
What is -23734a6 (base 14) in base 11?
-9628283
Convert -7b9d5 (base 14) to base 13.
-a7046
What is 20412422 (base 6) in base 14?
1160b4
What is -1204641 (base 7) in base 2?
-100101010101111110
Convert -11a86a6 (base 11) to base 2.
-111111110011000010000
What is -1267026 (base 9) in base 3?
-1022021000220
Convert 20101313 (base 5) to base 9.
262814
What is 37125216 (base 8) in base 5?
4042421001
Convert -a3b06 (base 13) to base 6.
-10145230
What is -c5b25 (base 13) in base 3?
-200001210122
-1111101011101100111 (base 2) to base 6
-15003051
What is -226175 (base 8) in base 15?
-17bd5
What is -1e3e08 (base 16) in base 12?
-7b6b74
-1320534 (base 8) to base 3
-200202011020
Convert 4305320 (base 10) to base 15.
5a09b5
Convert -201011212 (base 3) to base 9.
-21155
421335531 (base 6) to base 4
130003102033
What is 5e549c (base 15) in base 7?
53310120
What is -3806331 (base 11) in base 13?
-14a641c
-83027 (base 13) to base 4
-321121220
What is 41336 (base 12) in base 4?
110302122
Convert -110010110011010101110 (base 2) to base 16.
-1966ae
Convert -133222121 (base 4) to base 14.
-35397
Convert 23833 (base 15) to base 13.
3c6c6
What is -344043 (base 8) in base 9?
-187155
Convert 11140433 (base 6) to base 2.
1010010111100000101
What is 434444200 (base 5) in base 7?
21636153
What is -2123133313 (base 4) in base 9?
-1170617
Convert -acd06d (base 14) to base 15.
-7b0b1b
What is 1222012010101 (base 3) in base 10?
1046935
What is -ac26 (base 16) in base 2?
-1010110000100110
136533 (base 9) to base 13
2c043
-1111000111010111100000 (base 2) to base 8
-17072740
82cd9a (base 16) to base 2
100000101100110110011010
-44310314 (base 6) to base 13
-377b51
What is 349152 (base 12) in base 6?
30040542
-95c1fc (base 16) to base 3
-200110121222220
-1a6a64 (base 13) to base 7
-5465524
130108 (base 9) to base 2
10011001111100101
Convert 1020111002121 (base 3) to base 13.
1a0cbc
What is 4d347 (base 15) in base 16?
3c54d
-73d69 (base 15) to base 9
-620130
Convert -c580b1 (base 14) to base 9.
-13482782
2210000021200 (base 3) to base 7
15356316
What is -111012303102 (base 4) in base 13?
-11b94c4
Convert a1657 (base 11) to base 13.
527b4
What is 2667a (base 16) in base 10?
157306
What is -23046443 (base 7) in base 6?
-111042242
1422101144 (base 5) to base 10
3706424
Convert 5910ca (base 13) to base 10.
2115877
17b9a (base 13) to base 10
45926
Convert 10010010110001110011 (base 2) to base 10.
601203
What is -3c99c (base 13) in base 4?
-123300201
Convert 8d99 (base 14) to base 16.
603b
155523 (base 9) to base 4
113122311
864504 (base 14) to base 7
53426604
Convert -301211230 (base 4) to base 3.
-101022121211
1339861 (base 10) to base 15
1b6ee1
What is -212443012 (base 5) in base 11?
-569773
-2619310 (base 10) to base 11
-1529a21
What is 92aa1 (base 12) in base 9?
321784
d4e07 (base 15) to base 6
22243554
What is -20515320 (base 6) in base 7?
-5052624
139340a (base 12) to base 2
1110111110001110001010
-1aa7352 (base 13) to base 16
-86e856
Convert -25425251 (base 7) to base 2.
-1000110011110001011010
1313325 (base 9) to base 10
717602
-10555326 (base 8) to base 16
-22dad6
Convert 1114362 (base 7) to base 3.
21000212200
339997 (base 13) to base 12
4aa704
-110011101000110 (base 2) to base 3
-1100021012
20222102002221 (base 3) to base 13
9caca5
Convert 304026 (base 9) to base 4.
223331313
What is -72108 (base 12) in base 16?
-24518
What is 110030230 (base 4) in base 10?
82732
Convert 1174b (base 15) to base 3.
2211022222
What is -425351 (base 7) in base 3?
-10202102002
-20a7bb (base 12) to base 4
-1331333333
Convert 2121020112121 (base 3) to base 14.
27dbd8
-12231321320 (base 4) to base 2
-110101101111001111000
313245142 (base 6) to base 15
733d55
What is 530705 (base 9) in base 15?
63735
Convert -10331130 (base 4) to base 2.
-100111101011100
-112021122211122 (base 3) to base 9
-15248748
Convert 202413010 (base 5) to base 11.
514654
What is -31305 (base 13) in base 6?
-1521120
What is 4381487 (base 9) in base 12?
957897
What is -817316 (base 10) in base 5?
-202123231
1ab0b72 (base 12) to base 3
101201210111212
Convert -23693 (base 15) to base 9.
-181733
116c0c (base 14) to base 12
248450
Convert -144447 (base 15) to base 10.
-976342
-330473 (base 9) to base 4
-300021210
What is 2915eb (base 15) in base 8?
7431330
Convert 200302111 (base 7) to base 10.
11580766
Convert -735072 (base 9) to base 12.
-1908a8
12222 (base 7) to base 11
2450
What is 345052230 (base 6) in base 11?
3680629
Convert -10525344 (base 7) to base 12.
-381116
Convert -510124 (base 6) to base 3.
-2001011221
What is 38a5b57 (base 12) in base 7?
163624456
Convert -11101010011110110100111 (base 2) to base 10.
-7683495
What is -37d89 (base 16) in base 10?
-228745
Convert 1d988 (base 14) to base 8.
224304
Convert -40131130 (base 5) to base 4.
-1031203201
Convert 13231051 (base 6) to base 16.
6b527
What is -21106648 (base 9) in base 6?
-1001443112
-22773742 (base 8) to base 15
-685258
What is 200720 (base 9) in base 4?
130332123
Convert -64a89 (base 12) to base 9.
-222236
What is 2356301